the prime factors of 1077.
3, 359
What are the prime factors of 26257?
7, 11, 31
What are the prime factors of 1546?
2, 773
What are the prime factors of 15485?
5, 19, 163
List the prime factors of 2295.
3, 5, 17
List the prime factors of 26236.
2, 7, 937
List the prime factors of 1402.
2, 701
What are the prime factors of 7295?
5, 1459
What are the prime factors of 3626?
2, 7, 37
What are the prime factors of 406?
2, 7, 29
What are the prime factors of 1649?
17, 97
List the prime factors of 699.
3, 233
List the prime factors of 130068.
2, 3, 3613
List the prime factors of 48398.
2, 7, 3457
What are the prime factors of 72138?
2, 3, 11, 1093
List the prime factors of 3046.
2, 1523
List the prime factors of 54232.
2, 6779
List the prime factors of 10348.
2, 13, 199
What are the prime factors of 19640?
2, 5, 491
What are the prime factors of 2577?
3, 859
List the prime factors of 8556.
2, 3, 23, 31
What are the prime factors of 813?
3, 271
List the prime factors of 3679.
13, 283
List the prime factors of 1422.
2, 3, 79
What are the prime factors of 1877?
1877
List the prime factors of 2979.
3, 331
List the prime factors of 805.
5, 7, 23
List the prime factors of 2345.
5, 7, 67
List the prime factors of 73659.
3, 43, 571
List the prime factors of 33674.
2, 113, 149
List the prime factors of 1465.
5, 293
List the prime factors of 1024.
2
What are the prime factors of 143231?
11, 29, 449
What are the prime factors of 972?
2, 3
What are the prime factors of 4900?
2, 5, 7
What are the prime factors of 613?
613
List the prime factors of 1797.
3, 599
List the prime factors of 10696.
2, 7, 191
List the prime factors of 78.
2, 3, 13
List the prime factors of 137998.
2, 7, 9857
What are the prime factors of 3213?
3, 7, 17
List the prime factors of 4144.
2, 7, 37
List the prime factors of 75060.
2, 3, 5, 139
What are the prime factors of 359?
359
What are the prime factors of 12599?
43, 293
What are the prime factors of 363?
3, 11
List the prime factors of 3290.
2, 5, 7, 47
What are the prime factors of 2210?
2, 5, 13, 17
List the prime factors of 2245.
5, 449
List the prime factors of 3161.
29, 109
What are the prime factors of 56203?
7, 31, 37
List the prime factors of 668.
2, 167
List the prime factors of 2277.
3, 11, 23
What are the prime factors of 43012?
2, 10753
List the prime factors of 2280.
2, 3, 5, 19
What are the prime factors of 2134?
2, 11, 97
What are the prime factors of 108798?
2, 3, 18133
List the prime factors of 10889.
10889
List the prime factors of 2488.
2, 311
List the prime factors of 3633.
3, 7, 173
List the prime factors of 17506.
2, 8753
List the prime factors of 2036.
2, 509
List the prime factors of 2682.
2, 3, 149
List the prime factors of 7476.
2, 3, 7, 89
List the prime factors of 8352.
2, 3, 29
What are the prime factors of 494?
2, 13, 19
What are the prime factors of 10264?
2, 1283
What are the prime factors of 2859?
3, 953
List the prime factors of 10825.
5, 433
What are the prime factors of 1209?
3, 13, 31
What are the prime factors of 9069?
3, 3023
List the prime factors of 1382.
2, 691
List the prime factors of 2480.
2, 5, 31
List the prime factors of 529.
23
What are the prime factors of 32391?
3, 59, 61
What are the prime factors of 8368?
2, 523
List the prime factors of 25183.
25183
What are the prime factors of 83058?
2, 3, 109, 127
List the prime factors of 19377.
3, 2153
List the prime factors of 1949.
1949
List the prime factors of 453.
3, 151
What are the prime factors of 681?
3, 227
List the prime factors of 269.
269
List the prime factors of 23152.
2, 1447
What are the prime factors of 85?
5, 17
What are the prime factors of 477?
3, 53
List the prime factors of 774.
2, 3, 43
List the prime factors of 4410.
2, 3, 5, 7
What are the prime factors of 13289?
97, 137
What are the prime factors of 52492?
2, 11, 1193
List the prime factors of 903.
3, 7, 43
List the prime factors of 3709.
3709
List the prime factors of 4269.
3, 1423
What are the prime factors of 702?
2, 3, 13
What are the prime factors of 959?
7, 137
List the prime factors of 7365.
3, 5, 491
List the prime factors of 22362.
2, 3, 3727
List the prime factors of 2052.
2, 3, 19
What are the prime factors of 145637?
145637
What are the prime factors of 13552?
2, 7, 11
List the prime factors of 9801.
3, 11
What are the prime factors of 5065?
5, 1013
What are the prime factors of 6099?
3, 19, 107
List the prime factors of 1488.
2, 3, 31
What are the prime factors of 128067?
3, 42689
What are the prime factors of 9644?
2, 2411
What are the prime factors of 779?
19, 41
List the prime factors of 158234.
2, 61, 1297
What are the prime factors of 3692?
2, 13, 71
List the prime factors of 84069.
3, 9341
What are the prime factors of 86346?
2, 3, 13, 41
List the prime factors of 180.
2, 3, 5
List the prime factors of 1200.
2, 3, 5
What are the prime factors of 350?
2, 5, 7
List the prime factors of 4125.
3, 5, 11
List the prime factors of 1370.
2, 5, 137
What are the prime factors of 201?
3, 67
What are the prime factors of 13439?
89, 151
What are the prime factors of 25392?
2, 3, 23
What are the prime factors of 1408?
2, 11
List the prime factors of 5173.
7, 739
List the prime factors of 3136.
2, 7
List the prime factors of 249.
3, 83
What are the prime factors of 8482?
2, 4241
What are the prime factors of 117706?
2, 229, 257
What are the prime factors of 17488?
2, 1093
What are the prime factors of 41211?
3, 19, 241
List the prime factors of 4437.
3, 17, 29
What are the prime factors of 704?
2, 11
List the prime factors of 74.
2, 37
What are the prime factors of 1108?
2, 277
What are the prime factors of 211?
211
What are the prime factors of 2592?
2, 3
List the prime factors of 65.
5, 13
List the prime factors of 45256.
2, 5657
What are the prime factors of 6535?
5, 1307
What are the prime factors of 9939?
3, 3313
What are the prime factors of 980?
2, 5, 7
List the prime factors of 9750.
2, 3, 5, 13
What are the prime factors of 84434?
2, 7, 37, 163
What are the prime factors of 1254?
2, 3, 11, 19
List the prime factors of 32.
2
List the prime factors of 1856.
2, 29
List the prime factors of 187310.
2, 5, 18731
List the prime factors of 27823.
27823
List the prime factors of 19996.
2, 4999
List the prime factors of 10674.
2, 3, 593
What are the prime factors of 231?
3, 7, 11
What are the prime factors of 1366?
2, 683
What are the prime factors of 1802?
2, 17, 53
What are the prime factors of 44?
2, 11
List the prime factors of 4109.
7, 587
What are the prime factors of 20555?
5, 4111
List the prime factors of 774.
2, 3, 43
List the prime factors of 64.
2
What are the prime factors of 72831?
3, 11, 2207
What are the prime factors of 5873?
7, 839
List the prime factors of 52593.
3, 47, 373
List the prime factors of 1021.
1021
What are the prime factors of 23370?
2, 3, 5, 19, 41
List the prime factors of 82628.
2, 7, 13, 227
List the prime factors of 2977.
13, 229
List the prime factors of 1594.
2, 797
List the prime factors of 39472.
2, 2467
What are the prime factors of 10211?
10211
List the prime factors of 1595.
5, 11, 29
List the prime factors of 4166.
2, 2083
What are the prime factors of 4318?
2, 17, 127
List the prime factors of 22856.
2, 2857
What are the prime factors of 9598?
2, 4799
List the prime factors of 18868.
2, 53, 89
What are the prime factors of 4108?
2, 13, 79
List the prime factors of 2598.
2, 3, 433
List the prime factors of 1622.
2, 811
List the prime factors of 77270.
2, 5, 7727
What are the prime factors of 68856?
2, 3, 19, 151
What are the prime factors of 4642?
2, 11, 211
What are the prime factors of 85025?
5, 19, 179
List the prime factors of 2528.
2, 79
List the prime factors of 29331.
3, 3259
What are the prime factors of 2021?
43, 47
What are the prime factors of 162?
2, 3
What are the prime factors of 15815?
5, 3163
List the prime factors of 5599.
11, 509
What are the prime factors of 2681?
7, 383
What are the prime factors of 29134?
2, 7, 2081
List the prime factors of 39761.
39761
What are the prime factors of 20536?
2, 17, 151
List the prime factors of 8201.
59, 139
List the prime factors of 11101.
17, 653
List the prime factors of 2910.
2, 3, 5, 97
List the prime factors of 17510.
2, 5, 17, 103
What are the prime factor